-w + j. What is the greatest common factor of w and 248?
124
Suppose -j - 46 = -t + 8, -5*t - 4*j = -225. Suppose -3*h = 4*w - 3679, -3*h + w + 1271 = -2403. What is the greatest common factor of t and h?
49
Let x be (-1444)/(-10) - (18/81)/(25/45). Let m(i) = 2*i**2 - i + 9. Let f be m(-5). What is the greatest common divisor of f and x?
16
Let v = -71 - -121. Suppose -q = 3*z - 87, q - 3*q = -2*z - 182. Suppose -q = -6*k + 30. Calculate the highest common factor of v and k.
10
Suppose 69 + 39 = 3*y. Let d = 16 + -7. Suppose -9*f - d = -10*f. What is the greatest common divisor of f and y?
9
Let i be 1 + -1 + -1 + -2. Let f be i - -1*(-12)/(-1). Let v = 123 - 6. What is the greatest common divisor of v and f?
9
Suppose -1319 + 6429 + 7580 = 141*o. Let v(n) = -n**3 - 10*n**2 + 17*n - 9. Let t be v(-12). What is the greatest common divisor of o and t?
15
Let j = -48 + 43. Let h be 2*17/2 + (j - -8). What is the greatest common factor of h and 32?
4
Suppose -5*r + 11 = -69. Suppose -12*p + r*p = 44. Let z = -5 + p. Calculate the greatest common factor of 9 and z.
3
Suppose -5*s = -0*s + 3*s. Let y be 1 - (s/3 + -2). Suppose 2*l + 51 = 5*a, 0*a + 2*l = 2*a - 24. What is the highest common factor of a and y?
3
Suppose 0 = -69*q + 64*q + 10. Suppose -4*n + 496 = -4*c, -q*c + 60 + 58 = n. What is the greatest common factor of 61 and n?
61
Let c(q) = q**3 - 15*q**2 + 33*q + 54. Let n be c(14). What is the greatest common factor of 240 and n?
80
Let r = 47968 + -24372. Calculate the highest common divisor of r and 136.
68
Suppose 4*g + 2*a + 134 = 166, -12 = -4*g + 3*a. Let t = 105 + -57. What is the greatest common divisor of g and t?
6
Suppose -4*b = -14*b + 190. Let q be (1/3)/((-2)/(-6)). Suppose -5*n - p - q = -192, -3*n = 5*p - 119. What is the greatest common factor of n and b?
19
Let o = -1280 - -2135. Suppose -j = -6*j + o. Calculate the greatest common factor of j and 38.
19
Suppose 0 = -8*z + 3*z + 3*k + 381, 2*z = 4*k + 158. Let d(m) = -61*m - 446. Let j be d(-11). What is the greatest common divisor of z and j?
75
Suppose 93*p - 25*p = 612. Suppose -4*m - 2 + 38 = 0. Calculate the highest common divisor of m and p.
9
Let d = -292 + 298. Let n(j) = 3*j**3 - 8*j**2 + 2*j - 3. Let l be n(d). What is the highest common divisor of 41 and l?
41
Let g be (-11)/44 + (2 - 29/(-4)). Suppose 3*d = g, h + d - 14 = 88. Calculate the greatest common divisor of 66 and h.
33
Let z = 3801 + -1931. Suppose z = 7*i + 43. Calculate the highest common divisor of i and 18.
9
Let y(w) = w**3 + 11*w**2 + 2*w - 6. Let b be y(-10). Let n be b + -76 + 57 + (1 - 2). Calculate the greatest common factor of n and 18.
18
Let h = -153 + 159. Suppose 4*g + 3*a - 147 = 0, -h*a + 5*a + 1 = 0. Calculate the greatest common factor of 16 and g.
4
Suppose 2*j + 0*j - 4 = 22. Calculate the highest common factor of j and 637.
13
Suppose 10*p - 6*p - 684 = 0. Suppose -w = -5, -p - 104 = -s + 5*w. Calculate the highest common factor of 75 and s.
75
Let o(t) = t - 2. Let j(q) = -8*q - 104. Let i(p) = -j(p) - 4*o(p). Let d be i(-5). Calculate the greatest common factor of d and 4.
4
Let y = -32 - -68. Let d(l) = 4*l**2 - 38*l + 51. Let j be d(9). Suppose -63 = -y*s + j*s. Calculate the highest common divisor of 168 and s.
21
Let q = 135 - 133. Suppose -x - 5*g - 8 = 0, q*x - 12 = -2*x + 2*g. Let y be 781/44 - (x/(-8) + 0). Calculate the greatest common divisor of 18 and y.
18
Let o = 14593 + -14167. Calculate the highest common divisor of 6106 and o.
142
Suppose -22 + 0 = -2*t. Let y be 8/6 + (39280/24)/10. What is the highest common factor of t and y?
11
Suppose -126*b = -5037 - 89085. What is the greatest common factor of 581 and b?
83
Suppose 696 = -5*s + 5*i + 3691, -3*s = -i - 1809. Calculate the highest common divisor of s and 495.
55
Suppose 5*y - 2*y = 63. Let l be (-2)/9 + (-5*182/(-7))/18. What is the highest common divisor of y and l?
7
Let b be (-110418)/(-112) + 22 - (-3)/24. Calculate the greatest common divisor of 1800 and b.
72
Suppose 2066 + 247 = 10*a - 6967. Let p be (-2255)/(-77) - (-4)/(-14). What is the greatest common factor of p and a?
29
Suppose -l = -109*o + 111*o - 336, 0 = 3*o - l - 504. Calculate the greatest common divisor of 3612 and o.
84
Let h = 79 - -92. Let z = 191 - h. Calculate the highest common divisor of 16 and z.
4
Suppose -28*r + 386 = -594. What is the highest common divisor of 77 and r?
7
Let p be 112/84*(-273)/(-28). Let y be ((-9)/6)/(1/(-94)). Let m = y + -11. What is the greatest common factor of p and m?
13
Suppose 8*f + 764 = 780. What is the greatest common divisor of f and 298?
2
Suppose -5*d = d + 30*d - 9504. Calculate the greatest common divisor of 4312 and d.
88
Let q = 15343 + -15279. What is the greatest common divisor of q and 4312?
8
Let o = -10685 + 10739. Calculate the highest common divisor of o and 666.
18
Let m be 2/(-41) + (-978288)/(-7298). Calculate the highest common divisor of 4087 and m.
67
Let n be (-1287)/(-18) - (2 + (-1)/2). Let x be (-1)/((3 - 285/n) + 1). What is the highest common divisor of 350 and x?
14
Suppose -2140 - 256 = -39*y + 22. What is the greatest common divisor of y and 74?
2
Suppose -w - 155 = 4*w. Let b = 35 + w. Suppose 5*n = 4*m - 72, b*n - 36 = m - 3*m. What is the highest common factor of m and 12?
6
Let g be -202 + (0 - (-16)/(-4)). Suppose -3*d = 5*c + 282, 2*c - 16 = 5*d + 454. Let s = d - g. What is the highest common factor of 14 and s?
14
Let c be -22 + (-17 - -4) + 62. Calculate the greatest common factor of 11691 and c.
27
Let c = -713 + 714. Let r be -84*18/(-9)*c. What is the highest common factor of 120 and r?
24
Let w = -14506 + 15098. What is the highest common divisor of 6364 and w?
148
Let j(a) be the second derivative of -3*a**3 - 137*a**2/2 - 233*a. Let z be j(-8). What is the highest common factor of z and 7?
7
Let w be 81/(-18) - (-3)/2. Let p(z) = -68*z - 4. Let y be p(w). Let m = -5 - -30. What is the greatest common divisor of m and y?
25
Suppose 419*o - 423*o + 21941 = -h, 0 = h + 5. What is the highest common factor of o and 12?
12
Suppose 119 = -9*r + 461. Suppose 35*w = r + 32. What is the greatest common divisor of w and 19?
1
Let l be 1*((-2008)/(-6))/4*(2 - -1). What is the highest common divisor of 2510 and l?
251
Let q(m) = -m + 7. Let w be q(3). Suppose -7*k + 2*k = -10. Let d(a) = -2*a**2 + 7*a - 5. Let n be d(k). Calculate the highest common factor of n and w.
1
Let q be (-245)/2695 + (-2476)/(-11). Let c = 71 - 21. Calculate the greatest common divisor of q and c.
25
Suppose 2*o = 7*o - 45. Let i be (-6)/4*(-15 + 1). Let a = i + o. What is the greatest common factor of a and 45?
15
Let s = -117 + 119. Suppose 4*b = 3*x + 71, -38 = -s*b + 2*x - 2. What is the highest common divisor of 272 and b?
17
Suppose 34492 = -12*k + 17*k + 4*m, -5*m = 10. What is the greatest common divisor of k and 92?
92
Suppose 4*b - 324 = 4*p, -4*p + b + 2*b - 326 = 0. Let d = 83 + p. Suppose d = 37*l - 32*l - 55. What is the greatest common factor of l and 11?
11
Suppose 2*y - 18361 = 3*d, 201*y - 2*d - 27559 = 198*y. What is the highest common factor of y and 91?
91
Let y be ((-4)/(-6))/(0 + (-4)/(-18)). Let g(x) = 13*x**2 - 7*x + 3. Let v be g(y). What is the highest common factor of v and 9?
9
Let m be ((-1)/(-2))/(8/(-384)). Let x be (-84)/m + 1/(-2). What is the highest common divisor of x and 2?
1
Suppose -13*x = 210 - 561. Suppose -34*q + x*q = -98. Calculate the greatest common factor of 70 and q.
14
Suppose -5*q + 362 = -103. Suppose 0 = 5*p - 0*p - 1425. Let u = p - q. Calculate the highest common divisor of u and 24.
24
Let u be 1060*(-4 + (-88)/(-20)). What is the highest common factor of 8 and u?
8
Suppose 4*o + 35 = 2*n - 13, o = 3*n - 42. What is the highest common factor of 334 and n?
2
Let t(w) = w**2 - 9*w + 30. Let x = 526 - 520. Let o be t(x). What is the highest common divisor of 27 and o?
3
Let o = -4 - -54. Suppose f - 2*b - o = 2, -2*f = b - 109. Suppose -3*i = -5*j - 115 - 89, 3*j = -i + f. Calculate the highest common divisor of 42 and i.
21
Let v = 13 - 9. Suppose 0 = 2*r - 6, -4*t = v*r - 6 - 34. Let y(q) = -10*q - 379. Let f be y(-38). What is the highest common factor of t and f?
1
Let y be (0 - 0)/((-1)/1). Suppose y = 41*k - 2869 + 122. Wha